Selezionare il rapporto desiderato (mese/anno)
VΛ2024 > Gen Feb Mar Apr Mag Giu Lug Ago Set Ott Nov Dic

Rapporto relativo a: Mag 2024
	                       Monthly Climatological Summary for mag 2024

Name: IW2MVS   City: Lurate Caccivio   State: Italia
Elevation: 328 m  Lat: N 45 45' 42"   Lon: E 009 00' 07"

                  Temperature (C), Rain (mm), Wind Speed (km/h)

                                      Heat  Cool        Avg
    Mean                              Deg   Deg         Wind                 Dom
Day Temp  High   Time   Low    Time   Days  Days  Rain  Speed High   Time    Dir
----------------------------------------------------------------------------------
 1  18,6  18,6   00:00  18,6   00:00   0,0   0,3   0,0  92,2  92,2   00:00     0
 2  18,6  18,6   00:00  18,6   00:00   0,0   0,3   0,0  92,2  92,2   00:00     0
 3  18,6  18,6   00:00  18,6   00:00   0,0   0,3   0,0  92,2  92,2   00:00     0
 4  18,6  18,6   00:00  18,6   00:00   0,0   0,3   0,0  92,2  92,2   00:00     0
 5  18,6  18,6   00:00  18,6   00:00   0,0   0,3   0,0  92,2  92,2   00:00     0
 6  18,6  18,6   00:00  18,6   00:00   0,0   0,3   0,0  92,2  92,2   00:00     0
 7  18,6  18,6   00:00  18,6   00:00   0,0   0,3   0,0  92,2  92,2   00:00     0
 8  18,6  18,6   00:00  18,6   00:00   0,0   0,3   0,0  92,2  92,2   00:00     0
 9  18,6  18,6   00:00  18,6   00:00   0,0   0,3   0,0  92,2  92,2   00:00     0
10  18,6  18,6   00:00  18,6   00:00   0,0   0,3   0,0  92,2  92,2   00:00     0
11  18,6  18,6   00:00  18,6   00:00   0,0   0,3   0,0  92,2  92,2   00:00     0
12  18,6  18,6   00:00  18,6   00:00   0,0   0,3   0,0  92,2  92,2   00:00     0
13  18,6  18,6   00:00  18,6   00:00   0,0   0,3   0,0  92,2  92,2   00:00     0
14  18,6  18,6   00:00  18,6   00:00   0,0   0,3   0,0  92,2  92,2   00:00     0
15  18,6  18,6   00:00  18,6   00:00   0,0   0,3   0,0  92,2  92,2   00:00     0
----------------------------------------------------------------------------------
    18,6  18,6     1    18,6     1     0,0   4,5   0,0  92,2  92,2     1       0

Max >=  27,0:  0
Max <=   0,0:  0
Min <=   0,0:  0
Min <= -18,0:  0
Max Rain: 0,0 on day 0
Days of Rain: 0 (>= 0,2 mm)  0 (>= 2,0 mm)  0 (>= 20,0 mm)
Heat Base: 18,3  Cool Base: 18,3  Method: Integration